{"id":8338,"date":"2024-12-13T14:10:01","date_gmt":"2024-12-13T14:10:01","guid":{"rendered":"https:\/\/www.carrefourfgafp.ca\/ComplementaryEducationalServices\/?page_id=8338"},"modified":"2025-05-13T19:32:51","modified_gmt":"2025-05-13T19:32:51","slug":"ressources","status":"publish","type":"page","link":"https:\/\/www.carrefourfgafp.ca\/ComplementaryEducationalServices\/student-life\/ressources\/","title":{"rendered":"Resources"},"content":{"rendered":"\n<div class=\"wp-block-uagb-container uagb-block-7f72a90d alignfull uagb-is-root-container\"><div class=\"uagb-container-inner-blocks-wrap\">\n<div class=\"wp-block-uagb-container uagb-block-721bc75d alignfull uagb-is-root-container\"><div class=\"uagb-container-inner-blocks-wrap\">\n<div class=\"wp-block-stackable-heading stk-block-heading stk-block-heading--v2 stk-block stk-e84596a\" id=\"span-style-color-var-ast-global-color-3-class-stk-highlight-resources-span\" data-block-id=\"e84596a\"><style>.stk-e84596a .stk-block-heading__top-line{background-color:var(--ast-global-color-8) !important;}.stk-e84596a .stk-block-heading__bottom-line{background-color:var(--ast-global-color-6) !important;margin-top:24px !important;}<\/style><h3 class=\"stk-block-heading__text has-text-align-left\"><span style=\"color: var(--ast-global-color-3);\" class=\"stk-highlight\">Resources<\/span><\/h3><div class=\"stk-block-heading__bottom-line\"><\/div><\/div>\n\n\n\n<div class=\"wp-block-uagb-container uagb-block-f30cc003 alignfull uagb-is-root-container\"><div class=\"uagb-container-inner-blocks-wrap\">\n<div class=\"wp-block-stackable-feature-grid alignwide stk-block-feature-grid stk-block-columns stk-block stk-32e0d8a is-style-default\" data-block-id=\"32e0d8a\"><style>.stk-32e0d8a-column{--stk-column-gap:21px !important;}@media screen and (max-width: 767px){.stk-32e0d8a-column{row-gap:24px !important;}}<\/style><div class=\"stk-row stk-inner-blocks has-text-align-center stk-block-content stk-content-align stk-32e0d8a-column alignwide\">\n<div class=\"wp-block-stackable-column stk-block-column stk-column stk-block stk-372fb12 pdf\" data-v=\"4\" data-block-id=\"372fb12\"><style>.stk-372fb12-container{margin-top:0px !important;margin-right:0px !important;margin-bottom:0px !important;margin-left:0px !important;}.stk-372fb12 {border-radius:10px !important;overflow:hidden !important;}<\/style><div class=\"stk-column-wrapper stk-block-column__content stk-container stk-372fb12-container stk--no-background stk--no-padding\"><div class=\"stk-block-content stk-inner-blocks stk-372fb12-inner-blocks\">\n<div class=\"wp-block-stackable-image stk-block-image stk-block stk-f5061d0\" data-block-id=\"f5061d0\"><figure><span class=\"stk-img-wrapper stk-image--shape-stretch\"><img loading=\"lazy\" decoding=\"async\" class=\"stk-img wp-image-8487\" src=\"https:\/\/www.carrefourfgafp.ca\/ComplementaryEducationalServices\/wp-content\/uploads\/2025\/01\/Capture-decran-2025-01-15-150332.png\" width=\"953\" height=\"496\" srcset=\"https:\/\/www.carrefourfgafp.ca\/ComplementaryEducationalServices\/wp-content\/uploads\/2025\/01\/Capture-decran-2025-01-15-150332.png 953w, https:\/\/www.carrefourfgafp.ca\/ComplementaryEducationalServices\/wp-content\/uploads\/2025\/01\/Capture-decran-2025-01-15-150332-300x156.png 300w, https:\/\/www.carrefourfgafp.ca\/ComplementaryEducationalServices\/wp-content\/uploads\/2025\/01\/Capture-decran-2025-01-15-150332-768x400.png 768w\" sizes=\"auto, (max-width: 953px) 100vw, 953px\" \/><\/span><\/figure><\/div>\n\n\n\n<div class=\"wp-block-uagb-container uagb-block-6d635114\">\n<div class=\"wp-block-stackable-heading stk-block-heading stk-block-heading--v2 stk-block stk-123e8d9\" id=\"span-style-color-var-ast-global-color-2-class-stk-highlight-rain-or-shine-positive-mental-health-span\" data-block-id=\"123e8d9\"><style>.stk-123e8d9 {padding-top:10px !important;padding-right:10px !important;padding-bottom:10px !important;padding-left:10px !important;margin-bottom:0px !important;}<\/style><h5 class=\"stk-block-heading__text\"><span style=\"color: var(--ast-global-color-2);\" class=\"stk-highlight\">&nbsp;R\u00e9seau r\u00e9ussite Montr\u00e9al<\/span><\/h5><\/div>\n\n\n\n<div class=\"wp-block-stackable-button-group stk-block-button-group stk-block stk-149bb5e\" data-block-id=\"149bb5e\"><style>.stk-149bb5e .stk-button-group{flex-direction:row !important;}.stk-149bb5e {margin-top:10px !important;margin-right:10px !important;margin-bottom:10px !important;margin-left:10px !important;}@media screen and (max-width: 1023px){.stk-149bb5e .stk-button-group{flex-direction:row !important;}}@media screen and (max-width: 767px){.stk-149bb5e .stk-button-group{flex-direction:row !important;}}<\/style><div class=\"stk-row stk-inner-blocks has-text-align-center stk-block-content stk-button-group\">\n<div class=\"wp-block-stackable-button stk-block-button is-style-ghost stk-block stk-53125d4\" data-block-id=\"53125d4\"><style>.stk-53125d4 {box-shadow:0px 10px 30px #0000000d !important;}.stk-53125d4 .stk-button{padding-top:5px !important;padding-bottom:5px !important;background:transparent !important;border-top-left-radius:9px !important;border-top-right-radius:9px !important;border-bottom-right-radius:9px !important;border-bottom-left-radius:9px !important;}.stk-53125d4 .stk-button:hover:after{background:var(--ast-global-color-4) !important;opacity:1 !important;}:where(.stk-hover-parent:hover,  .stk-hover-parent.stk--is-hovered) .stk-53125d4 .stk-button:after{background:transparent !important;opacity:1 !important;}.stk-53125d4 .stk-button:before{border-style:solid !important;border-top-width:1px !important;border-right-width:1px !important;border-bottom-width:1px !important;border-left-width:1px !important;}.stk-53125d4 .stk-button__inner-text{font-size:16px !important;font-weight:700 !important;}@media screen and (max-width: 1023px){.stk-53125d4 .stk-button__inner-text{font-size:16px !important;}}<\/style><a class=\"stk-link stk-button stk--hover-effect-lift\" href=\"https:\/\/www.reseaureussitemontreal.ca\/en\/\" target=\"_blank\" rel=\"noreferrer noopener\"><span class=\"stk--svg-wrapper\"><div class=\"stk--inner-svg\"><svg aria-hidden=\"true\" focusable=\"false\" data-prefix=\"fas\" data-icon=\"globe\" class=\"svg-inline--fa fa-globe fa-w-16\" xmlns=\"http:\/\/www.w3.org\/2000\/svg\" viewBox=\"0 0 496 512\" width=\"32\" height=\"32\"><path fill=\"currentColor\" d=\"M336.5 160C322 70.7 287.8 8 248 8s-74 62.7-88.5 152h177zM152 256c0 22.2 1.2 43.5 3.3 64h185.3c2.1-20.5 3.3-41.8 3.3-64s-1.2-43.5-3.3-64H155.3c-2.1 20.5-3.3 41.8-3.3 64zm324.7-96c-28.6-67.9-86.5-120.4-158-141.6 24.4 33.8 41.2 84.7 50 141.6h108zM177.2 18.4C105.8 39.6 47.8 92.1 19.3 160h108c8.7-56.9 25.5-107.8 49.9-141.6zM487.4 192H372.7c2.1 21 3.3 42.5 3.3 64s-1.2 43-3.3 64h114.6c5.5-20.5 8.6-41.8 8.6-64s-3.1-43.5-8.5-64zM120 256c0-21.5 1.2-43 3.3-64H8.6C3.2 212.5 0 233.8 0 256s3.2 43.5 8.6 64h114.6c-2-21-3.2-42.5-3.2-64zm39.5 96c14.5 89.3 48.7 152 88.5 152s74-62.7 88.5-152h-177zm159.3 141.6c71.4-21.2 129.4-73.7 158-141.6h-108c-8.8 56.9-25.6 107.8-50 141.6zM19.3 352c28.6 67.9 86.5 120.4 158 141.6-24.4-33.8-41.2-84.7-50-141.6h-108z\"><\/path><\/svg><\/div><\/span><span class=\"stk-button__inner-text\">Visit the website\u00a0<\/span><\/a><\/div>\n<\/div><\/div>\n<\/div>\n<\/div><\/div><\/div>\n\n\n\n<div class=\"wp-block-stackable-column stk-block-column stk-column stk-block stk-51ce58e\" data-v=\"4\" data-block-id=\"51ce58e\"><div class=\"stk-column-wrapper stk-block-column__content stk-container stk-51ce58e-container stk--no-background stk--no-padding\"><div class=\"stk-block-content stk-inner-blocks stk-51ce58e-inner-blocks\"><\/div><\/div><\/div>\n\n\n\n<div class=\"wp-block-stackable-column stk-block-column stk-column stk-block stk-461bee8\" data-v=\"4\" data-block-id=\"461bee8\"><div class=\"stk-column-wrapper stk-block-column__content stk-container stk-461bee8-container stk--no-background stk--no-padding\"><div class=\"stk-block-content stk-inner-blocks stk-461bee8-inner-blocks\"><\/div><\/div><\/div>\n<\/div><\/div>\n<\/div><\/div>\n<\/div><\/div>\n<\/div><\/div>\n","protected":false},"excerpt":{"rendered":"<p>Resources &nbsp;R\u00e9seau r\u00e9ussite Montr\u00e9al Visit the website\u00a0<\/p>\n","protected":false},"author":3,"featured_media":0,"parent":3478,"menu_order":0,"comment_status":"closed","ping_status":"closed","template":"","meta":{"_acf_changed":false,"inline_featured_image":false,"_uag_custom_page_level_css":"","site-sidebar-layout":"default","site-content-layout":"","ast-site-content-layout":"","site-content-style":"default","site-sidebar-style":"default","ast-global-header-display":"","ast-banner-title-visibility":"","ast-main-header-display":"","ast-hfb-above-header-display":"","ast-hfb-below-header-display":"","ast-hfb-mobile-header-display":"","site-post-title":"disabled","ast-breadcrumbs-content":"","ast-featured-img":"","footer-sml-layout":"","theme-transparent-header-meta":"","adv-header-id-meta":"","stick-header-meta":"","header-above-stick-meta":"","header-main-stick-meta":"","header-below-stick-meta":"","astra-migrate-meta-layouts":"default","ast-page-background-enabled":"default","ast-page-background-meta":{"desktop":{"background-color":"var(--ast-global-color-4)","background-image":"","background-repeat":"repeat","background-position":"center center","background-size":"auto","background-attachment":"scroll","background-type":"","background-media":"","overlay-type":"","overlay-color":"","overlay-opacity":"","overlay-gradient":""},"tablet":{"background-color":"","background-image":"","background-repeat":"repeat","background-position":"center center","background-size":"auto","background-attachment":"scroll","background-type":"","background-media":"","overlay-type":"","overlay-color":"","overlay-opacity":"","overlay-gradient":""},"mobile":{"background-color":"","background-image":"","background-repeat":"repeat","background-position":"center center","background-size":"auto","background-attachment":"scroll","background-type":"","background-media":"","overlay-type":"","overlay-color":"","overlay-opacity":"","overlay-gradient":""}},"ast-content-background-meta":{"desktop":{"background-color":"var(--ast-global-color-5)","background-image":"","background-repeat":"repeat","background-position":"center center","background-size":"auto","background-attachment":"scroll","background-type":"","background-media":"","overlay-type":"","overlay-color":"","overlay-opacity":"","overlay-gradient":""},"tablet":{"background-color":"var(--ast-global-color-5)","background-image":"","background-repeat":"repeat","background-position":"center center","background-size":"auto","background-attachment":"scroll","background-type":"","background-media":"","overlay-type":"","overlay-color":"","overlay-opacity":"","overlay-gradient":""},"mobile":{"background-color":"var(--ast-global-color-5)","background-image":"","background-repeat":"repeat","background-position":"center center","background-size":"auto","background-attachment":"scroll","background-type":"","background-media":"","overlay-type":"","overlay-color":"","overlay-opacity":"","overlay-gradient":""}},"footnotes":""},"class_list":["post-8338","page","type-page","status-publish","hentry"],"acf":[],"uagb_featured_image_src":{"full":false,"thumbnail":false,"medium":false,"medium_large":false,"large":false,"1536x1536":false,"2048x2048":false},"uagb_author_info":{"display_name":"cedric","author_link":"https:\/\/www.carrefourfgafp.ca\/ComplementaryEducationalServices\/author\/cedric\/"},"uagb_comment_info":0,"uagb_excerpt":"Resources &nbsp;R\u00e9seau r\u00e9ussite Montr\u00e9al Visit the website\u00a0","_links":{"self":[{"href":"https:\/\/www.carrefourfgafp.ca\/ComplementaryEducationalServices\/wp-json\/wp\/v2\/pages\/8338","targetHints":{"allow":["GET"]}}],"collection":[{"href":"https:\/\/www.carrefourfgafp.ca\/ComplementaryEducationalServices\/wp-json\/wp\/v2\/pages"}],"about":[{"href":"https:\/\/www.carrefourfgafp.ca\/ComplementaryEducationalServices\/wp-json\/wp\/v2\/types\/page"}],"author":[{"embeddable":true,"href":"https:\/\/www.carrefourfgafp.ca\/ComplementaryEducationalServices\/wp-json\/wp\/v2\/users\/3"}],"replies":[{"embeddable":true,"href":"https:\/\/www.carrefourfgafp.ca\/ComplementaryEducationalServices\/wp-json\/wp\/v2\/comments?post=8338"}],"version-history":[{"count":6,"href":"https:\/\/www.carrefourfgafp.ca\/ComplementaryEducationalServices\/wp-json\/wp\/v2\/pages\/8338\/revisions"}],"predecessor-version":[{"id":8556,"href":"https:\/\/www.carrefourfgafp.ca\/ComplementaryEducationalServices\/wp-json\/wp\/v2\/pages\/8338\/revisions\/8556"}],"up":[{"embeddable":true,"href":"https:\/\/www.carrefourfgafp.ca\/ComplementaryEducationalServices\/wp-json\/wp\/v2\/pages\/3478"}],"wp:attachment":[{"href":"https:\/\/www.carrefourfgafp.ca\/ComplementaryEducationalServices\/wp-json\/wp\/v2\/media?parent=8338"}],"curies":[{"name":"wp","href":"https:\/\/api.w.org\/{rel}","templated":true}]}}